- 7*i. Let a = 46 - 45. Determine s(a).
-5
Let h(d) = 5*d**2 + 41*d - 9 + 29 + d**2. Let f(r) = -r**2 - 8*r - 4. Let a(k) = -11*f(k) - 2*h(k). Determine a(5).
9
Let i(x) = -4*x - x**2 - 6*x + 14*x + 0*x - 1. Let q = 7 - 4. Let d be ((-4)/(-14))/(q/21). Determine i(d).
3
Let m(v) = v**2 - 11*v - 9. Let h(o) = -o**3 + 5*o**2 - o - 3. Let x be h(3). Let q be m(x). Let y(r) = -r**3 - 11 - r + 14 + 2*r**q - r**2. What is y(0)?
3
Let c(z) = -4*z**2 - 1. Let x(n) = n**3 + 14*n**2 - 27*n - 181. Let h be x(-15). Determine c(h).
-5
Let k = 23 - 16. Let r(v) = 3 - k*v**2 - 6 + 4*v - 1 + v**3. What is r(6)?
-16
Let z(k) = -k - 1. Let u(o) = 10*o + 6. Let n(c) = -u(c) - 5*z(c). Let t = -32 - -36. Suppose 4 = -t*m + 8. Give n(m).
-6
Let d(m) be the first derivative of m**4/12 + m**3/3 - 4*m**2 + 14. Let c(w) be the second derivative of d(w). Calculate c(3).
8
Let h(n) be the first derivative of -16 - 4*n - n**2 + 2/3*n**3. Determine h(3).
8
Let y(u) be the first derivative of u**4/4 + 8*u**3/3 + 7*u**2/2 + 4*u - 14. Calculate y(-7).
4
Suppose 7*d - 4*d - 22 = 2*o, -d = 4*o + 16. Let b(z) be the first derivative of z**2 - 3*z + 28. What is b(d)?
5
Let n(x) be the third derivative of -x**7/840 - x**6/90 - x**5/120 - x**4/6 - 2*x**3 - 16*x**2. Let f(k) be the first derivative of n(k). What is f(-3)?
-10
Let d(i) = -56*i**3 - i**2 + 2*i - 1. Let f = 442 + -441. Determine d(f).
-56
Suppose 9 = 3*v, 0*k - 5*v = 2*k + 49. Let l = k + 48. Suppose 3*d + d = l. Let b(z) = z**3 - 5*z**2 + 4*z + 1. Calculate b(d).
1
Let y = -15 + 18. Suppose -3*c = 5*d - 3 - 0, 3*c + 4*d = y. Let q(j) = -2*j + 3*j**2 - j - 6*j**3 - 4 + 7*j**3 + c. Give q(-4).
-7
Let x(p) be the third derivative of p**8/20160 - p**7/1680 + p**6/180 - 7*p**5/15 + 10*p**2. Let f(j) be the third derivative of x(j). Determine f(3).
4
Let z(s) = 6*s**3 - 3*s**2 + 7*s - 5. Let f(l) = 12*l**3 - 6*l**2 + 12*l - 7. Let o(g) = 3*f(g) - 5*z(g). Calculate o(-2).
-58
Let j(u) = 0 - 7 + 2 - 5 + 26 - 2*u. Calculate j(7).
2
Let z be (8 - 2669/340)/((-18)/(-10)). Let a(p) be the third derivative of z*p**4 + 7/60*p**5 + 1/120*p**6 + 0*p + 0 - 7/6*p**3 + 8*p**2. Give a(-6).
17
Let l(t) be the first derivative of t**3/3 + 13*t**2/2 - 11*t - 81. Suppose -4*c = -b + 6, 2*b - 3*c = c - 8. Determine l(b).
3
Suppose 2*z + 2*z + 4*j + 24 = 0, -2*j = -4*z - 48. Let s be (35/z)/((-3)/6*1). Let b(a) = -a**2 + 9*a - 2. Give b(s).
12
Let i(q) = -q**2 + 3*q + 6. Let x be (10/4)/((-9)/(-18)). Calculate i(x).
-4
Suppose 4*c = -3*m - 10, 5*c + 13 = -2*m - 2*m. Let g(j) = -3*j**3 - j**2 - j - 1. What is g(c)?
2
Let d(l) = 5*l**2 + 2*l - 1. Let p(w) = -8*w - 4. Let h be p(-2). Suppose 8*j + 4*j = h. Give d(j).
6
Let c(h) = -10*h - 1. Let g(l) = 531*l + 54. Let m(o) = -270*c(o) - 5*g(o). What is m(1)?
45
Let f(q) be the second derivative of q**3/3 - 3*q**2/2 + 3*q. Suppose -53*m - 5*y + 25 = -48*m, -5*y - 15 = -3*m. Give f(m).
7
Let l(c) be the second derivative of c**4/12 - 5*c**2 + c. Suppose -80*p = -128*p. Calculate l(p).
-10
Let r(x) = x**3 + 18*x**2 - 9. Suppose -268*g + 72 = -272*g. Calculate r(g).
-9
Suppose 3*u + 7*w - 2*w = 7, 5 = -5*w. Let g = 1 + u. Suppose 0 = -g*a + 11 + 9. Let d(f) = -2*f + 3. Calculate d(a).
-5
Let p(f) be the third derivative of -f**4/6 + f**2 + 113. Let w = -4 + 0. Calculate p(w).
16
Let c(h) = -h**3 - 3*h**2 - 2*h + 1. Let q(l) = 7*l**3 - 4*l**2 - 5*l + 2. Let w(i) = -2*c(i) + q(i). What is w(1)?
10
Let m(d) = -28*d - 551. Let p be m(-20). Let y(a) be the first derivative of -a**2/2 + 10*a + 2. Determine y(p).
1
Suppose 16*x + 40 = 8*x. Let g(d) = -2*d**2 - 6*d + 5. Calculate g(x).
-15
Let v(x) = 26*x - 84. Let s(g) = 14*g - 44. Let d(w) = 5*s(w) - 3*v(w). What is d(4)?
0
Let f(t) = 8*t - 6*t - 2*t - 11*t + 5*t. Determine f(3).
-18
Let b(f) = f**2 - 3*f + 3. Let u be b(3). Let d(z) = -u - z + 0*z + 8*z - 3*z - 2*z**2. Calculate d(3).
-9
Let h(r) = r + 4. Let x = -266 + 273. Give h(x).
11
Let q(s) = -s**3 + 5*s**2 + 6*s + 2. Let a be 48/(-30)*(-7 + 2). Let u be (a/6)/((-2)/39). Let t = 32 + u. Give q(t).
2
Let x(v) = -v**2 - 7. Let b = -63 - -65. Let p be (-8 - -4) + b - -2. What is x(p)?
-7
Let l(f) be the second derivative of f**5/20 - 5*f**4/12 - 5*f**3/6 - 15*f**2/2 - f - 211. Calculate l(6).
-9
Let l(b) be the first derivative of 2/3*b**3 - 3 - b**2 - 4*b**4 + b. Give l(1).
-15
Let k(d) = -d**2 - 7*d - 5. Let w = 467 - 473. Give k(w).
1
Let v = -14572 + 14578. Let j(m) be the third derivative of m**5/60 - 7*m**4/24 + 2*m**3/3 + m**2. What is j(v)?
-2
Let i(d) be the first derivative of -3*d**2/2 + 27*d - 195. Calculate i(9).
0
Let l = 7 + -7. Let h(m) = m + 0*m**2 + m**3 - 5*m + 3*m + m**2. Give h(l).
0
Let f = -273 - -281. Suppose 7 = 4*x - 5. Suppose x*q + q = -2*b, -4*q = 4*b + f. Let w(r) = -2*r**2 - 2. Give w(q).
-10
Let x(h) = h**3 - h**2 - 4*h. Let s(j) = 7*j**3 - 9*j**2 - 27*j + 7. Let m(c) = -s(c) + 6*x(c). What is m(4)?
-11
Let o(y) = y**3 + y**2 - 2*y - 1. Let g(s) = s**2 + s. Let k be g(0). Suppose k = 9*d - 14*d + 100. Suppose -l + 19 = d. Determine o(l).
1
Let x be (0 + 1)*4/1. Suppose -x*g + 0*g = -16. Let h(p) = -p**3 + 4*p**2 + 4*p - 5. Give h(g).
11
Let t(w) be the second derivative of w**5/4 + w**4/6 + w**3/6 - w - 4. Calculate t(-1).
-4
Let m(d) = -4*d - 4. Suppose 0 = 6*k + 20 - 8. Determine m(k).
4
Let x(v) = 13*v**2 + 16*v + 10. Let a(j) = j**3 - j**2 + 2*j - 1. Let y(o) = -a(o) + x(o). Determine y(15).
-4
Let u(y) be the third derivative of -y**5/30 - y**4/12 - y**3/2 + 14*y**2 + 5*y. Determine u(3).
-27
Let w(g) = -9*g + g**3 - 6*g**2 + 10 + 3*g + 7*g + 6*g**2. Give w(0).
10
Let z(m) be the first derivative of -5 - 7/3*m**3 + 1/4*m**4 + 7/2*m**2 - 3*m. Determine z(6).
3
Let k(t) be the first derivative of 3*t**2 - 17*t - 385. What is k(7)?
25
Let w(l) = l**2 - 4*l - 2. Suppose -2*r + 2 + 21 = 3*x, 4*x = 5*r. Let t(v) = v**3 - 4*v**2 - v + 9. Let j be t(r). Determine w(j).
3
Let b(a) = -5*a**3 + 2*a**3 + 707*a + 5 - 699*a - 6*a**2 + 2*a**3. Give b(-7).
-2
Suppose 12 = -6*p + 2*p. Let o(i) be the second derivative of 5/6*i**3 + 0 + 1/6*i**4 + 3/2*i**2 - 4*i. Determine o(p).
6
Let f(a) be the second derivative of a**5/10 + a**4/6 + a**2/2 + 438*a + 1. Determine f(-3).
-35
Let f(p) = p**2 - 2*p + 4. Let w be f(4). Suppose -17*m + 19*m = w. Let t(z) = z - 3. Determine t(m).
3
Let b(y) be the third derivative of y**6/360 + 7*y**5/120 + 7*y**4/24 - 11*y**2. Let u(p) be the second derivative of b(p). Give u(-6).
-5
Let u = -1166 + 1167. Let x(b) = 8*b**3 - b**2 - 2*b + 3. Give x(u).
8
Let v(l) be the second derivative of 1/2*l**2 + 1/2*l**4 + 1/20*l**5 - 32*l + 0 + l**3. Calculate v(-4).
9
Let y = 537 - 528. Let h(n) = 7*n**3 - 16*n**2 + 3*n - 7. Let s(m) = 20*m**3 - 47*m**2 + 10*m - 20. Let c(o) = -17*h(o) + 6*s(o). What is c(y)?
-1
Let b(c) be the first derivative of c**3/3 + 2*c**2 - c - 9. Suppose 0 = 4*i + 12 + 8. Give b(i).
4
Let n(v) = v**3 + 6*v**2 - 7*v - 7. Let u(o) = -2*o**2 - 2*o + 3. Let m be u(3). Let d(b) = -b**2 - 22*b - 28. Let f be d(m). Calculate n(f).
-7
Let u(c) be the second derivative of -1/24*c**4 - 1/2*c**3 + 4*c + 0 - 3/2*c**2 + 1/120*c**6 - 1/15*c**5. Let o(r) be the first derivative of u(r). Give o(4).
-7
Let g(s) = -12 + 104*s - 421*s + 103*s + 103*s + 109*s. Suppose -5*j = 3*p + 52, 4*p + 31 = -3*j + 4*j. Calculate g(p).
6
Suppose 3*v + 4 + 14 = 0. Let d(t) be the first derivative of -1/4*t**4 - 7/3*t**3 - 8 + 5*t - 3/2*t**2. Determine d(v).
-13
Suppose 3*v - 4*i - 19 = 0, 18 = 5*i - 7. Let l = v + -11. Let c(b) = -3*b - b**3 + b**l - 3*b**2 - 2 + 0. What is c(-2)?
4
Suppose 18*f = 19*f - 3. Let c(b) = -29 + 52 - 22 - 6*b**2 + b**f. Determine c(6).
1
Suppose 19 = 5*l - 6. Suppose -a - 4*o + 2*o = -5, l*o = 5*a + 50. Let g = -10 - a. Let d(i) = -i**3 - 4*i**2 + 6*i - 2. Calculate d(g).
-7
Let f(z) = 3*z - 2*z**2 + z**2 - 3 - 7*z. Let p be 15*4/40*-2. What is f(p)?
0
Suppose 2*o + t - 3 = 0, -4*o = 5*t - 2 - 1. Let j(w) = -4*w - 13. Let u(i) = -12*i - 37. Let m(z) = 17*j(z) - 6*u(z). Calculate m(o).
9
Let g be (2*(-24)/20)/((-8)/(-20)). Let y(f) = -5*f - 2. Calculate y(g).
28
Let s(v) = v**2 + 2*v + 3. Suppose 15 = 8*h - 5*h. Suppose 3 = -h*t - 7. What is s(t)?
3
Suppose 37*w + 3 = 36*w. Let a(u) be the third derivative of -u**6/120 - u**5/60 - u**4/24